 of 1862 and 20786.
38
What is the highest common divisor of 53375 and 805?
35
What is the greatest common divisor of 109549 and 529?
23
Calculate the greatest common factor of 285 and 693215.
95
What is the greatest common factor of 540 and 258606?
54
Calculate the highest common divisor of 105 and 106995.
105
What is the highest common divisor of 12 and 818886?
6
What is the greatest common factor of 410 and 53915?
205
What is the greatest common factor of 4254 and 426?
6
What is the greatest common divisor of 19967 and 615?
41
Calculate the greatest common divisor of 123 and 10483044.
123
What is the highest common factor of 154 and 450758?
154
What is the highest common factor of 152 and 1184256?
8
What is the greatest common factor of 278840 and 80?
40
Calculate the greatest common divisor of 27 and 11964.
3
Calculate the highest common divisor of 196530 and 30.
30
What is the greatest common divisor of 45 and 2063220?
15
What is the highest common factor of 18790 and 50?
10
What is the greatest common divisor of 45675 and 15075?
225
Calculate the greatest common factor of 359060 and 195.
65
Calculate the greatest common divisor of 899373 and 7329.
1047
What is the greatest common factor of 14928 and 67798?
622
Calculate the greatest common divisor of 8235 and 240645.
915
Calculate the greatest common factor of 48 and 384864.
48
Calculate the greatest common divisor of 8113 and 22631.
427
What is the greatest common divisor of 355 and 57865?
355
What is the highest common factor of 1272 and 1944?
24
Calculate the highest common factor of 34018 and 584.
146
What is the greatest common divisor of 741 and 60801?
39
What is the greatest common factor of 650 and 23050?
50
What is the greatest common factor of 2500 and 160?
20
Calculate the greatest common divisor of 54 and 161064.
18
What is the highest common factor of 350 and 66?
2
Calculate the greatest common factor of 19832 and 6968.
536
Calculate the highest common factor of 511 and 219.
73
Calculate the highest common factor of 45402 and 61824.
966
Calculate the greatest common divisor of 28479 and 330.
33
Calculate the highest common factor of 2800 and 8350.
50
What is the greatest common divisor of 135 and 684?
9
Calculate the highest common divisor of 55550 and 707.
101
What is the highest common divisor of 51555 and 183?
3
Calculate the greatest common divisor of 707 and 395011.
101
Calculate the greatest common divisor of 1298 and 4994.
22
Calculate the highest common divisor of 12 and 9868.
4
Calculate the greatest common factor of 17030 and 30392.
262
Calculate the highest common divisor of 156 and 839.
1
Calculate the highest common divisor of 660 and 3210.
30
What is the highest common divisor of 12 and 701?
1
Calculate the highest common factor of 141312 and 240.
48
What is the greatest common factor of 6240 and 2688192?
1248
Calculate the greatest common divisor of 108 and 316116.
108
What is the highest common factor of 268 and 1087?
1
What is the greatest common factor of 9 and 288?
9
Calculate the greatest common factor of 14790 and 65280.
510
What is the highest common factor of 357 and 1309?
119
What is the greatest common factor of 288 and 295296?
96
Calculate the highest common factor of 62 and 5022.
62
What is the highest common divisor of 800 and 796?
4
Calculate the greatest common divisor of 856 and 240429.
107
What is the greatest common divisor of 42588 and 254709?
819
What is the highest common divisor of 767 and 15665?
13
What is the greatest common factor of 165668 and 1328?
332
Calculate the greatest common divisor of 637954 and 148.
74
Calculate the highest common factor of 2210 and 1430.
130
What is the greatest common factor of 109413 and 9?
9
What is the highest common divisor of 12950 and 245?
35
Calculate the highest common divisor of 42167 and 1937.
149
What is the highest common divisor of 45180 and 96?
12
Calculate the highest common divisor of 406 and 66352.
58
Calculate the highest common factor of 562 and 1785755.
281
Calculate the greatest common divisor of 8 and 32510.
2
Calculate the highest common divisor of 932 and 729989.
233
What is the highest common factor of 17 and 9354097?
17
What is the greatest common factor of 4335 and 15?
15
What is the greatest common divisor of 16 and 66440?
8
What is the greatest common factor of 9874 and 32?
2
Calculate the highest common divisor of 233172 and 162.
54
Calculate the highest common factor of 1288 and 28658.
322
Calculate the greatest common factor of 12740 and 105.
35
What is the greatest common divisor of 292 and 844?
4
What is the highest common divisor of 26 and 558?
2
Calculate the highest common factor of 10350 and 778550.
1150
What is the highest common divisor of 176 and 1563184?
16
Calculate the highest common factor of 112608 and 17.
17
Calculate the highest common divisor of 25632 and 801.
801
What is the greatest common divisor of 12496 and 242?
22
What is the highest common factor of 354 and 138?
6
What is the greatest common divisor of 31 and 3?
1
Calculate the highest common factor of 97384 and 1813.
259
What is the greatest common divisor of 1176 and 3336?
24
What is the highest common divisor of 940 and 28012?
188
Calculate the highest common factor of 10833310 and 2260.
1130
What is the highest common factor of 17856 and 8448?
192
Calculate the highest common divisor of 81725 and 1050.
175
Calculate the highest common divisor of 1168 and 77664.
16
Calculate the greatest common factor of 258 and 1847796.
258
Calculate the greatest common factor of 71757 and 15075.
603
What is the highest common factor of 165 and 194513?
11
What is the highest common divisor of 540 and 48420?
180
What is the greatest common factor of 28308 and 672?
84
Calculate the greatest common divisor of 23050 and 4600.
50
What is the greatest common factor of 180 and 334890?
90
What is the greatest common factor of 1362 and 182054?
454
What is the greatest common divisor of 33 and 17380?
11
What is the highest common divisor of 1453 and 11?
1
Calculate the highest common factor of 3179856 and 1488.
1488
Calculate the greatest common factor of 16698 and 207.
69
What is the greatest common divisor of 1323 and 40082?
49
What is the highest common factor of 114950 and 152?
38
Calculate the highest common divisor of 3245 and 9263.
59
What is the greatest common divisor of 12801 and 48945?
753
What is the highest common divisor of 854 and 1279658?
122
What is the highest common divisor of 136 and 79624?
8
What is the highest common divisor of 667 and 17052?
29
What is the highest common factor of 1060871 and 77?
7
Calculate the greatest common divisor of 42100 and 1263.
421
Calculate the greatest common factor of 800 and 24120.
40
Calculate the greatest common divisor of 3885 and 57.
3
Calculate the greatest common divisor of 155490 and 37630.
710
Calculate the highest common divisor of 11 and 10230.
11
Calculate the highest common divisor of 2505 and 9000.
15
Calculate the greatest common factor of 110990 and 2310.
110
What is the highest common divisor of 160586 and 46?
46
What is the greatest common factor of 20917 and 2?
1
Calculate the greatest common divisor of 906009 and 897.
39
Calculate the highest common divisor of 14 and 154952.
14
What is the greatest common divisor of 123210 and 15170?
370
Calculate the greatest common divisor of 104 and 1295710.
26
What is the highest common factor of 51 and 58939?
17
What is the greatest common divisor of 6859 and 14668?
19
What is the highest common divisor of 79236 and 3348?
1116
Calculate the highest common divisor of 36 and 20892.
12
Calculate the highest common factor of 37536 and 11868.
276
What is the greatest common divisor of 24190 and 1062?
118
What is the greatest common divisor of 80855 and 85?
5
What is the greatest common factor of 5705 and 3955?
35
Calculate the highest common factor of 194702 and 938.
134
Calculate the highest common factor of 2219 and 1225.
7
Calculate the highest common factor of 60138 and 130.
26
Calculate the highest common divisor of 441 and 4212.
9
Calculate the greatest common factor of 1635 and 48855.
15
Calculate the highest common divisor of 97439 and 5608.
701
Calculate the highest common factor of 10040 and 237446.
502
